to base 13
-b
202 (base 4) to base 7
46
What is 2122 (base 3) in base 8?
107
Convert 110 (base 2) to base 11.
6
19 (base 15) to base 7
33
Convert -14 (base 11) to base 15.
-10
Convert 62 (base 10) to base 11.
57
Convert b8 (base 13) to base 10.
151
-56 (base 10) to base 3
-2002
Convert -5 (base 6) to base 13.
-5
What is 2 (base 7) in base 2?
10
Convert -1 (base 9) to base 12.
-1
What is 22 (base 12) in base 11?
24
Convert -ac (base 16) to base 4.
-2230
3 (base 13) to base 11
3
Convert -1 (base 9) to base 8.
-1
-122 (base 8) to base 7
-145
What is 31 (base 9) in base 2?
11100
100 (base 2) to base 15
4
Convert 110 (base 4) to base 15.
15
10 (base 11) to base 13
b
Convert -25 (base 15) to base 8.
-43
Convert 59 (base 14) to base 3.
2221
Convert -2 (base 3) to base 10.
-2
What is 2 (base 10) in base 2?
10
What is -201 (base 3) in base 12?
-17
Convert 203 (base 4) to base 14.
27
What is -27 (base 9) in base 15?
-1a
Convert -150 (base 10) to base 16.
-96
124 (base 14) to base 9
273
Convert 0 (base 4) to base 15.
0
-1132 (base 4) to base 13
-73
What is 3 (base 8) in base 5?
3
What is 1 (base 5) in base 2?
1
What is 1 (base 13) in base 9?
1
What is 11a (base 11) in base 5?
1032
Convert 21 (base 7) to base 5.
30
What is 3 (base 15) in base 11?
3
-33 (base 4) to base 6
-23
-28 (base 16) to base 2
-101000
What is 3 (base 16) in base 7?
3
What is 0 (base 14) in base 4?
0
1 (base 16) to base 10
1
What is -35 (base 11) in base 7?
-53
What is -12 (base 3) in base 10?
-5
What is -101 (base 2) in base 16?
-5
Convert -2 (base 14) to base 8.
-2
-1 (base 9) to base 11
-1
-4 (base 5) to base 10
-4
-1 (base 11) to base 6
-1
What is 50 (base 6) in base 13?
24
Convert -44 (base 12) to base 9.
-57
6 (base 15) to base 16
6
Convert -206 (base 7) to base 8.
-150
What is -2 (base 11) in base 4?
-2
What is -9e (base 15) in base 2?
-10010101
What is 4 (base 15) in base 13?
4
87 (base 9) to base 6
211
Convert 10101011 (base 2) to base 3.
20100
What is -110 (base 3) in base 7?
-15
What is 14b (base 15) in base 13?
19a
What is 160 (base 7) in base 10?
91
190 (base 11) to base 6
1004
Convert 146 (base 8) to base 13.
7b
What is 37 (base 12) in base 8?
53
What is 0 (base 6) in base 5?
0
Convert -14 (base 16) to base 14.
-16
What is 2 (base 12) in base 15?
2
What is 0 (base 8) in base 4?
0
12 (base 9) to base 13
b
Convert 17 (base 9) to base 14.
12
What is 3 (base 9) in base 11?
3
Convert 140 (base 6) to base 13.
48
19 (base 11) to base 14
16
Convert -3 (base 12) to base 7.
-3
45 (base 6) to base 13
23
Convert -25 (base 10) to base 15.
-1a
-1003 (base 4) to base 5
-232
Convert -137 (base 9) to base 7.
-223
Convert -431 (base 7) to base 9.
-262
Convert ca (base 16) to base 11.
174
What is -1 (base 4) in base 7?
-1
Convert -11110 (base 2) to base 7.
-42
a (base 13) to base 14
a
What is 24 (base 6) in base 14?
12
What is 5 (base 9) in base 15?
5
What is -c (base 13) in base 4?
-30
12 (base 4) to base 11
6
What is 48 (base 13) in base 12?
50
Convert 3 (base 9) to base 2.
11
Convert 23 (base 4) to base 10.
11
Convert 1130 (base 4) to base 8.
134
What is 25 (base 8) in base 16?
15
What is 6 (base 9) in base 2?
110
-210 (base 3) to base 2
-10101
200 (base 6) to base 5
242
Convert 2 (base 7) to base 4.
2
Convert -23 (base 8) to base 2.
-10011
Convert -261 (base 7) to base 2.
-10001101
Convert -84 (base 11) to base 16.
-5c
-16 (base 9) to base 3
-120
Convert 0 (base 13) to base 14.
0
What is 1d (base 16) in base 12?
25
Convert -211 (base 5) to base 4.
-320
What is -313 (base 4) in base 13?
-43
100 (base 2) to base 10
4
-14 (base 5) to base 6
-13
Convert 1c (base 13) to base 6.
41
What is 2 (base 11) in base 10?
2
What is 8 (base 9) in base 5?
13
What is -16 (base 14) in base 3?
-202
Convert -2 (base 5) to base 15.
-2
Convert -1 (base 12) to base 3.
-1
What is -315 (base 9) in base 16?
-101
8 (base 11) to base 8
10
Convert -11 (base 2) to base 3.
-10
Convert 13 (base 8) to base 10.
11
-1121 (base 3) to base 13
-34
Convert 0 (base 3) to base 9.
0
Convert 46 (base 11) to base 13.
3b
Convert 162 (base 11) to base 8.
275
-1 (base 5) to base 15
-1
Convert 110011010 (base 2) to base 11.
343
-7c (base 16) to base 9
-147
What is -1 (base 8) in base 14?
-1
What is 2 (base 3) in base 10?
2
What is -101 (base 3) in base 9?
-11
What is -3 (base 4) in base 16?
-3
-3 (base 7) to base 14
-3
Convert 111000 (base 2) to base 15.
3b
1 (base 9) to base 14
1
What is 5 (base 14) in base 11?
5
Convert -4 (base 14) to base 12.
-4
7 (base 16) to base 10
7
-24 (base 16) to base 11
-33
Convert 13 (base 8) to base 15.
b
Convert -1 (base 14) to base 2.
-1
-15b (base 14) to base 2
-100010101
4 (base 7) to base 6
4
-98 (base 10) to base 9
-118
-35 (base 14) to base 7
-65
223 (base 4) to base 9
47
Convert -121 (base 4) to base 2.
-11001
What is 5 (base 7) in base 4?
11
What is 2 (base 14) in base 8?
2
What is 1 (base 13) in base 11?
1
Convert -2 (base 4) to base 11.
-2
What is 162 (base 13) in base 3?
100020
7 (base 11) to base 10
7
-1 (base 9) to base 11
-1
Convert -11011 (base 3) to base 4.
-1300
-3 (base 16) to base 10
-3
Convert 0 (base 16) to base 6.
0
What is 85 (base 16) in base 3?
11221
Convert 6 (base 10) to base 7.
6
1 (base 15) to base 9
1
Convert 11 (base 6) to base 9.
7
What is 13 (base 6) in base 11?
9
What is 104 (base 8) in base 12?
58
5 (base 7) to base 15
5
What is 11 (base 4) in base 13?
5
Convert 33 (base 4) to base 9.
16
What is 10200 (base 3) in base 9?
120
Convert b (base 16) to base 5.
21
What is 127 (base 15) in base 12?
19a
Convert -10100010 (base 2) to base 16.
-a2
-10 (base 16) to base 11
-15
Convert 101 (base 2) to base 7.
5
Convert -101 (base 2) to base 14.
-5
-6 (base 10) to base 7
-6
What is 10 (base 3) in base 2?
11
What is -65 (base 14) in base 15?
-5e
Convert 3 (base 7) to base 10.
3
Convert -323 (base 7) to base 2.
-10100100
Convert 1 (base 7) to base 4.
1
1 (base 6) to base 8
1
3333 (base 4) to base 15
120
-102 (base 3) to base 5
-21
Convert -3 (base 7) to base 16.
-3
-55 (base 12) to base 15
-45
Convert 5 (base 6) to base 8.
5
Convert 3 (base 15) to base 13.
3
What is 13d (base 14) in base 9?
308
What is -55 (base 6) in base 4?
-203
-21 (base 11) to base 10
-23
What is 35 (base 6) in base 2?
10111
Convert -123 (base 8) to base 12.
-6b
Convert -21 (base 13) to base 11.
-25
What is -4 (base 10) in base 4?
-10
-2 (base 14) to base 5
-2
-140 (base 9) to base 5
-432
What is 3 (base 6) in base 8?
3
Convert -100001 (base 2) to base 15.
-23
What is 0 (base 4) in base 9?
0
-4 (base 8) to base 6
-4
Convert -25 (base 9) to base 12.
-1b
Convert -6 (base 13) to base 7.
-6
What is 1 (base 14) in base 6?
1
Convert 171 (base 10) to base 5.
1141
Convert -2 (base 11) to base 3.
-2
Convert 2 (base 6) to base 2.
10
Convert 3 (base 13) to base 3.
10
-11 (base 2) to base 3
-10
What is -1 (base 3) in base 10?
-1
Convert -1 (base 14) to base 2.
-1
15 (base 9) to base 14
10
Convert 10011 (base 2) to base 3.
201
Convert -11111100 (base 2) to base 3.
-100100
Convert 8 (base 16) to base 5.
13
Convert 5 (base 7) to base 6.
5
Convert 133 (base 5) to base 12.
37
Convert -4 (base 8) to base 3.
-11
What is -1 (base 3) in base 16?
-1
What is 3 (base 6) in base 14?
3
Convert 3 (base 9) to base 10.
3
-49 (base 13) to base 16
-3d
-202 (base 7) to base 8
-144
What is -44 (base 7) in base 10?
-32
-4 (base 5) to base 13
-4
2 (base 6) to base 4
2
Convert 10 (base 7) to base 6.
11
3 (base 12) to base 15
3
-10 (base 6) to base 8
-6
-1 (base 4) to base 12
-1
What is -2 (base 12) in base 13?
-2
What is -102 (base 5) in base 15?
-1c
12 (base 7) to base 8
11
422 (base 5) to base 12
94
What is 2 (base 16) in base 7?
2
27 (base 16) to base 2
100111
Convert 2 (base 15) to base 6.
2
Convert -3 (base 10) to base 8.
-3
Convert -3 (base 9) to base 14.
-3
Convert -3 (base 10) to base 6.
-3
Convert -13 (base 11) to base 10.
-14
Convert -12 (base 6) to base 3.
-22
What is -20 (base 12) in base 14?
-1a
2220 (base 5) to base 10
310
What is 1 (base 10) in base 3?
1
3 (base 5) to base 9
3
What is -72 (base 10) in base 4?
-1020
What is -78 (base 12) in base 2?
-1011100
What is -30 (base 15) in base 2?
-101101
Convert 100 (base 4) to base 3.
121
Convert -2 (base 6) to base 3.
-2
What is -10 (base 12) in base 2?
-1100
Convert -101010 (base 2)